{"id":983,"date":"2022-12-13T11:09:10","date_gmt":"2022-12-13T10:09:10","guid":{"rendered":"https:\/\/www.diebildungsmanager.com\/shop\/?post_type=product&#038;p=983"},"modified":"2026-01-13T11:14:50","modified_gmt":"2026-01-13T10:14:50","slug":"produktprofil-seminar-weiterbildungsmarkt-net","status":"publish","type":"product","link":"https:\/\/www.diebildungsmanager.com\/shop\/produkt\/produktprofil-seminar-weiterbildungsmarkt-net\/","title":{"rendered":"Produktprofil Seminar Weiterbildungsmarkt.net"},"content":{"rendered":"<h2>Das sind die Leistungen des Produktprofils &#8222;Seminar&#8220;<\/h2>\n<ul>\n<li><b>Themenzuordnung:<\/b>\u00a0Pr\u00e4sentation in den wichtigsten passenden Themenbereichen<\/li>\n<li><b>Imagevide: <\/b><b>YouTube- oder Vimeo-Video<\/b><\/li>\n<li><b>Pr\u00e4sentation mit Backlink: <\/b><b>8.000 Zeichen <\/b>formatierbarer Text zur Beschreibung der Leistungen mit\u00a0 Follow-Backlink<\/li>\n<li><b>1 Datei: <\/b>\u00a0Upload f\u00fcr eine Datei (z.B. Programmfolder)<\/li>\n<li><b>Detaillierte Statistik: <\/b>Statistik \u00fcber Profil\u00f6ffnungen und Impressionen<\/li>\n<li><b>Verkn\u00fcpfung mit dem Anbieterprofil: <\/b>Direkte Verlinkung mit dem Anbieterprofil und Vorschau der Weiterbildungen im Anbieterprofil<\/li>\n<\/ul>\n<p>Die Produktprofile &#8222;Seminar&#8220; werden in der Weiterbildungsdatenbank unter der Rubrik &#8222;Seminare&#8220; und auch unter &#8222;Weiterbildungen&#8220; angezeigt. Wenn es sich bei dem Lehrgang um ein eLearning-Format handelt, dann wird das Seminar auch in unserer Plattform eLearnig.click angezeigt.<\/p>\n<p>Preis gesamt f\u00fcr 12 Monate Laufzeit<\/p>\n","protected":false},"excerpt":{"rendered":"<div class=\"post-content woocommerce-product-details__short-description\">\n<div class=\"post-content woocommerce-product-details__short-description\">\n<p>Umfassende Beschreibung des Seminars mit SEO-Backlink und Auffindbarkeit unter den Seminaren und in der Rubrik &#8222;Weiterbildung&#8220;.<\/p>\n<p>Der Preis gesamt f\u00fcr 12 Monate Laufzeit zuz\u00fcgl. 20% MwSt. Reverse Charge Verfahren ist m\u00f6glich.<\/p>\n<\/div>\n<\/div>\n","protected":false},"featured_media":1053,"template":"","meta":[],"product_brand":[],"product_cat":[71],"product_tag":[],"class_list":{"0":"post-983","1":"product","2":"type-product","3":"status-publish","4":"has-post-thumbnail","6":"product_cat-weiterbildungsmarkt-net","8":"first","9":"instock","10":"sold-individually","11":"taxable","12":"shipping-taxable","13":"purchasable","14":"product-type-variable-subscription","15":"has-default-attributes"},"_links":{"self":[{"href":"https:\/\/www.diebildungsmanager.com\/shop\/wp-json\/wp\/v2\/product\/983","targetHints":{"allow":["GET"]}}],"collection":[{"href":"https:\/\/www.diebildungsmanager.com\/shop\/wp-json\/wp\/v2\/product"}],"about":[{"href":"https:\/\/www.diebildungsmanager.com\/shop\/wp-json\/wp\/v2\/types\/product"}],"wp:featuredmedia":[{"embeddable":true,"href":"https:\/\/www.diebildungsmanager.com\/shop\/wp-json\/wp\/v2\/media\/1053"}],"wp:attachment":[{"href":"https:\/\/www.diebildungsmanager.com\/shop\/wp-json\/wp\/v2\/media?parent=983"}],"wp:term":[{"taxonomy":"product_brand","embeddable":true,"href":"https:\/\/www.diebildungsmanager.com\/shop\/wp-json\/wp\/v2\/product_brand?post=983"},{"taxonomy":"product_cat","embeddable":true,"href":"https:\/\/www.diebildungsmanager.com\/shop\/wp-json\/wp\/v2\/product_cat?post=983"},{"taxonomy":"product_tag","embeddable":true,"href":"https:\/\/www.diebildungsmanager.com\/shop\/wp-json\/wp\/v2\/product_tag?post=983"}],"curies":[{"name":"wp","href":"https:\/\/api.w.org\/{rel}","templated":true}]}}

<h2>Das sind die Leistungen des Produktprofils &#8222;Seminar&#8220;</h2>
<ul>
<li><b>Themenzuordnung:</b> Präsentation in den wichtigsten passenden Themenbereichen</li>
<li><b>Imagevide: </b><b>YouTube- oder Vimeo-Video</b></li>
<li><b>Präsentation mit Backlink: </b><b>8.000 Zeichen </b>formatierbarer Text zur Beschreibung der Leistungen mit  Follow-Backlink</li>
<li><b>1 Datei: </b> Upload für eine Datei (z.B. Programmfolder)</li>
<li><b>Detaillierte Statistik: </b>Statistik über Profilöffnungen und Impressionen</li>
<li><b>Verknüpfung mit dem Anbieterprofil: </b>Direkte Verlinkung mit dem Anbieterprofil und Vorschau der Weiterbildungen im Anbieterprofil</li>
</ul>
<p>Die Produktprofile &#8222;Seminar&#8220; werden in der Weiterbildungsdatenbank unter der Rubrik &#8222;Seminare&#8220; und auch unter &#8222;Weiterbildungen&#8220; angezeigt. Wenn es sich bei dem Lehrgang um ein eLearning-Format handelt, dann wird das Seminar auch in unserer Plattform eLearnig.click angezeigt.</p>
<p>Preis gesamt für 12 Monate Laufzeit</p>

<div class="post-content woocommerce-product-details__short-description">
<div class="post-content woocommerce-product-details__short-description">
<p>Umfassende Beschreibung des Seminars mit SEO-Backlink und Auffindbarkeit unter den Seminaren und in der Rubrik &#8222;Weiterbildung&#8220;.</p>
<p>Der Preis gesamt für 12 Monate Laufzeit zuzügl. 20% MwSt. Reverse Charge Verfahren ist möglich.</p>
</div>
</div>
