{"id":972,"date":"2022-12-13T14:28:56","date_gmt":"2022-12-13T13:28:56","guid":{"rendered":"https:\/\/www.diebildungsmanager.com\/shop\/?post_type=product&#038;p=972"},"modified":"2026-01-13T15:21:21","modified_gmt":"2026-01-13T14:21:21","slug":"zusatzprofil-classic-weiterbildungsmarkt-net","status":"publish","type":"product","link":"https:\/\/www.diebildungsmanager.com\/shop\/produkt\/zusatzprofil-classic-weiterbildungsmarkt-net\/","title":{"rendered":"Zusatzprofil Classic Weiterbildungsmarkt.net"},"content":{"rendered":"<h3>Das sind die Leistungen des Zusatzprofils Classic:<\/h3>\n<p>Das Zusatzprofil kann erg\u00e4nzend zum Anbieterprofil in anderen Anbieterkategorien dazu gebucht werden!<\/p>\n<ul>\n<li><strong>Imagevideo:<\/strong> <strong>YouTube oder Vimeo-Video <\/strong>ganz oben im Profil anzeigen<\/li>\n<li><strong>Themenzuordnung<\/strong>:\u00a0 Pr\u00e4sentation in allen passenden Themenbereichen innerhalb der Anbieterkategorie<\/li>\n<li><strong>Foto und Logo<\/strong>: 1 Foto oder Imagebild und Firmenlogo<\/li>\n<li><strong>Pr\u00e4sentation mit Backlink<\/strong>:\u00a0 5.000 Zeichen formatierbarer Text zur Beschreibung der Leistungen mit\u00a0 Backlink auf die eigene Webseite<\/li>\n<li><strong>SEO-Backlink: Wert eines Backlinks EUR 240-396 pro Jahr <\/strong>(Bewertung von Seedingup.de)<\/li>\n<li><strong>Profile im Social Web<\/strong>:\u00a0 Verlinkung zu Ihren Profilen im Social Web (Xing, Facebook, Twitter, LinkedIn, YouTube etc.)<\/li>\n<li><strong>1 Datei<\/strong>:\u00a0 Upload f\u00fcr eine Datei (z.B. Imagefolder)<\/li>\n<li><strong>Detaillierte Statistik<\/strong>: Statistik \u00fcber Impressionen, Profil\u00f6ffnungen, Klicks auf die hinterlegte Webseite, Klicks auf die hinterlegte Telefonnummer und Anzahl an Kontaktanfragen<\/li>\n<li><strong>Anbietersiegel<\/strong> <strong>\u201eAnbieter des Jahres\u201c*<\/strong>: Siegel f\u00fcr die eigene Webseite und Auflistung auf der Weiterbildungsmarkt.net-Unterseite \u201eAnbieter des Jahres\u201c<\/li>\n<\/ul>\n<p>(*Hinweis: Das Siegel erhalten nur Anbieter, die zuvor von uns auf Seriosit\u00e4t und Professionalit\u00e4t \u00fcberpr\u00fcft wurden. Das Anbietersiegel kann w\u00e4hrend der aktiven Mitgliedschaft auf all Ihren Werbemitteln verwendet werden).<\/p>\n<p><img decoding=\"async\" class=\"aligncenter size-thumbnail wp-image-1592\" src=\"https:\/\/www.diebildungsmanager.com\/shop\/wp-content\/uploads\/2024\/08\/Pokal-Anbietersiegel-2025-500x500px-150x150.png\" alt=\"Anbietersiegel 2025\" width=\"150\" height=\"150\" srcset=\"https:\/\/www.diebildungsmanager.com\/shop\/wp-content\/uploads\/2024\/08\/Pokal-Anbietersiegel-2025-500x500px-66x66.png 66w, https:\/\/www.diebildungsmanager.com\/shop\/wp-content\/uploads\/2024\/08\/Pokal-Anbietersiegel-2025-500x500px-150x150.png 150w, https:\/\/www.diebildungsmanager.com\/shop\/wp-content\/uploads\/2024\/08\/Pokal-Anbietersiegel-2025-500x500px-200x200.png 200w, https:\/\/www.diebildungsmanager.com\/shop\/wp-content\/uploads\/2024\/08\/Pokal-Anbietersiegel-2025-500x500px-300x300.png 300w, https:\/\/www.diebildungsmanager.com\/shop\/wp-content\/uploads\/2024\/08\/Pokal-Anbietersiegel-2025-500x500px-400x400.png 400w, https:\/\/www.diebildungsmanager.com\/shop\/wp-content\/uploads\/2024\/08\/Pokal-Anbietersiegel-2025-500x500px.png 500w\" sizes=\"(max-width: 150px) 100vw, 150px\" \/><\/p>\n<p>&nbsp;<\/p>\n<ul>\n<li><strong>Vorreihung im Suchergebnis<\/strong>: Vorreihung vor die kostenlosen Basisprofile<\/li>\n<li><strong>Zusatz<\/strong>:<b>Account<\/b><b> f\u00fcr das <\/b><b>News-Portal &#8211;<\/b>F\u00fcr das kostenlose Ver\u00f6ffentlichen von aktuellen Pressemeldungen<\/li>\n<\/ul>\n<p>Preis gesamt f\u00fcr 12 Monate Laufzeit<\/p>\n","protected":false},"excerpt":{"rendered":"<div class=\"post-content woocommerce-product-details__short-description\">\n<div class=\"post-content woocommerce-product-details__short-description\">\n<p>Das Zusatzprofil Classic beinhaltet die umfassende Darstellung der eigenen Leistungen und Angebote mit einem Do-follow-SEO-Backlink in einer weiteren Kategorie (Institut, Trainer, Speaker, Coach oder Serviceanbieter). Nur buchbar gemeinsam mit einem Classic-Profil oder erg\u00e4nzend mit einem bereits bestehenden Classic-Profil.<\/p>\n<p>Der Preis gesamt f\u00fcr 12 Monate Laufzeit zuz\u00fcgl. 20% MwSt. Reverse Charge Verfahren ist m\u00f6glich.<\/p>\n<\/div>\n<\/div>\n","protected":false},"featured_media":1054,"template":"","meta":[],"product_brand":[],"product_cat":[71],"product_tag":[],"class_list":{"0":"post-972","1":"product","2":"type-product","3":"status-publish","4":"has-post-thumbnail","6":"product_cat-weiterbildungsmarkt-net","8":"first","9":"instock","10":"virtual","11":"taxable","12":"purchasable","13":"product-type-subscription"},"_links":{"self":[{"href":"https:\/\/www.diebildungsmanager.com\/shop\/wp-json\/wp\/v2\/product\/972","targetHints":{"allow":["GET"]}}],"collection":[{"href":"https:\/\/www.diebildungsmanager.com\/shop\/wp-json\/wp\/v2\/product"}],"about":[{"href":"https:\/\/www.diebildungsmanager.com\/shop\/wp-json\/wp\/v2\/types\/product"}],"wp:featuredmedia":[{"embeddable":true,"href":"https:\/\/www.diebildungsmanager.com\/shop\/wp-json\/wp\/v2\/media\/1054"}],"wp:attachment":[{"href":"https:\/\/www.diebildungsmanager.com\/shop\/wp-json\/wp\/v2\/media?parent=972"}],"wp:term":[{"taxonomy":"product_brand","embeddable":true,"href":"https:\/\/www.diebildungsmanager.com\/shop\/wp-json\/wp\/v2\/product_brand?post=972"},{"taxonomy":"product_cat","embeddable":true,"href":"https:\/\/www.diebildungsmanager.com\/shop\/wp-json\/wp\/v2\/product_cat?post=972"},{"taxonomy":"product_tag","embeddable":true,"href":"https:\/\/www.diebildungsmanager.com\/shop\/wp-json\/wp\/v2\/product_tag?post=972"}],"curies":[{"name":"wp","href":"https:\/\/api.w.org\/{rel}","templated":true}]}}

<h3>Das sind die Leistungen des Zusatzprofils Classic:</h3>
<p>Das Zusatzprofil kann ergänzend zum Anbieterprofil in anderen Anbieterkategorien dazu gebucht werden!</p>
<ul>
<li><strong>Imagevideo:</strong> <strong>YouTube oder Vimeo-Video </strong>ganz oben im Profil anzeigen</li>
<li><strong>Themenzuordnung</strong>:  Präsentation in allen passenden Themenbereichen innerhalb der Anbieterkategorie</li>
<li><strong>Foto und Logo</strong>: 1 Foto oder Imagebild und Firmenlogo</li>
<li><strong>Präsentation mit Backlink</strong>:  5.000 Zeichen formatierbarer Text zur Beschreibung der Leistungen mit  Backlink auf die eigene Webseite</li>
<li><strong>SEO-Backlink: Wert eines Backlinks EUR 240-396 pro Jahr </strong>(Bewertung von Seedingup.de)</li>
<li><strong>Profile im Social Web</strong>:  Verlinkung zu Ihren Profilen im Social Web (Xing, Facebook, Twitter, LinkedIn, YouTube etc.)</li>
<li><strong>1 Datei</strong>:  Upload für eine Datei (z.B. Imagefolder)</li>
<li><strong>Detaillierte Statistik</strong>: Statistik über Impressionen, Profilöffnungen, Klicks auf die hinterlegte Webseite, Klicks auf die hinterlegte Telefonnummer und Anzahl an Kontaktanfragen</li>
<li><strong>Anbietersiegel</strong> <strong>„Anbieter des Jahres“*</strong>: Siegel für die eigene Webseite und Auflistung auf der Weiterbildungsmarkt.net-Unterseite „Anbieter des Jahres“</li>
</ul>
<p>(*Hinweis: Das Siegel erhalten nur Anbieter, die zuvor von uns auf Seriosität und Professionalität überprüft wurden. Das Anbietersiegel kann während der aktiven Mitgliedschaft auf all Ihren Werbemitteln verwendet werden).</p>
<p><img decoding="async" class="aligncenter size-thumbnail wp-image-1592" src="https://www.diebildungsmanager.com/shop/wp-content/uploads/2024/08/Pokal-Anbietersiegel-2025-500x500px-150x150.png" alt="Anbietersiegel 2025" width="150" height="150" srcset="https://www.diebildungsmanager.com/shop/wp-content/uploads/2024/08/Pokal-Anbietersiegel-2025-500x500px-66x66.png 66w, https://www.diebildungsmanager.com/shop/wp-content/uploads/2024/08/Pokal-Anbietersiegel-2025-500x500px-150x150.png 150w, https://www.diebildungsmanager.com/shop/wp-content/uploads/2024/08/Pokal-Anbietersiegel-2025-500x500px-200x200.png 200w, https://www.diebildungsmanager.com/shop/wp-content/uploads/2024/08/Pokal-Anbietersiegel-2025-500x500px-300x300.png 300w, https://www.diebildungsmanager.com/shop/wp-content/uploads/2024/08/Pokal-Anbietersiegel-2025-500x500px-400x400.png 400w, https://www.diebildungsmanager.com/shop/wp-content/uploads/2024/08/Pokal-Anbietersiegel-2025-500x500px.png 500w" sizes="(max-width: 150px) 100vw, 150px" /></p>
<p>&nbsp;</p>
<ul>
<li><strong>Vorreihung im Suchergebnis</strong>: Vorreihung vor die kostenlosen Basisprofile</li>
<li><strong>Zusatz</strong>:<b>Account</b><b> für das </b><b>News-Portal &#8211;</b>Für das kostenlose Veröffentlichen von aktuellen Pressemeldungen</li>
</ul>
<p>Preis gesamt für 12 Monate Laufzeit</p>

<div class="post-content woocommerce-product-details__short-description">
<div class="post-content woocommerce-product-details__short-description">
<p>Das Zusatzprofil Classic beinhaltet die umfassende Darstellung der eigenen Leistungen und Angebote mit einem Do-follow-SEO-Backlink in einer weiteren Kategorie (Institut, Trainer, Speaker, Coach oder Serviceanbieter). Nur buchbar gemeinsam mit einem Classic-Profil oder ergänzend mit einem bereits bestehenden Classic-Profil.</p>
<p>Der Preis gesamt für 12 Monate Laufzeit zuzügl. 20% MwSt. Reverse Charge Verfahren ist möglich.</p>
</div>
</div>
